{"id":770,"date":"2015-02-10T19:22:07","date_gmt":"2015-02-10T19:22:07","guid":{"rendered":"https:\/\/avada.theme-fusion.com_demos\/architecture\/?page_id=15"},"modified":"2023-05-16T11:53:47","modified_gmt":"2023-05-16T09:53:47","slug":"contact","status":"publish","type":"page","link":"https:\/\/metho.fr\/index.php\/contact\/","title":{"rendered":"Contact"},"content":{"rendered":"<div class=\"fusion-fullwidth fullwidth-box fusion-builder-row-1 fusion-flex-container nonhundred-percent-fullwidth non-hundred-percent-height-scrolling\" style=\"background-color: #ffffff;background-position: left top;background-repeat: no-repeat;border-width: 0px 0px 0px 0px;border-color:#eae9e9;border-style:solid;\" ><div class=\"fusion-builder-row fusion-row fusion-flex-align-items-flex-start\" style=\"max-width:1216.8px;margin-left: calc(-4% \/ 2 );margin-right: calc(-4% \/ 2 );\"><div class=\"fusion-layout-column fusion_builder_column fusion-builder-column-0 fusion_builder_column_1_3 1_3 fusion-flex-column fusion-flex-align-self-center\"><div class=\"fusion-column-wrapper fusion-flex-justify-content-center fusion-content-layout-column\" style=\"background-position:left top;background-repeat:no-repeat;-webkit-background-size:cover;-moz-background-size:cover;-o-background-size:cover;background-size:cover;border-width: 0px 1px 0px 0px;border-color:#0f2a26;border-style:solid;padding: 0px 0px 0px 0px;\"><style type=\"text\/css\">@media only screen and (max-width:800px) {.fusion-title.fusion-title-1{margin-top:0px!important; margin-right:0px!important;margin-bottom:30px!important;margin-left:0px!important;}}@media only screen and (max-width:640px) {.fusion-title.fusion-title-1{margin-top:0px!important; margin-right:0px!important;margin-bottom:20px!important; margin-left:0px!important;}}<\/style><div class=\"fusion-title title fusion-title-1 fusion-sep-none fusion-title-text fusion-title-size-two\" style=\"margin-top:0px;margin-right:0px;margin-bottom:30px;margin-left:0px;\"><h2 class=\"title-heading-left fusion-responsive-typography-calculated\" style=\"margin:0;--fontSize:48;line-height:1.25;\">DES QUESTIONS ?<\/h2><\/div><\/div><style type=\"text\/css\">.fusion-body .fusion-builder-column-0{width:33.333333333333% !important;margin-top : 0px;margin-bottom : 20px;}.fusion-builder-column-0 > .fusion-column-wrapper {padding-top : 0px !important;padding-right : 0px !important;margin-right : 5.76%;padding-bottom : 0px !important;padding-left : 0px !important;margin-left : 5.76%;}@media only screen and (max-width:800px) {.fusion-body .fusion-builder-column-0{width:100% !important;order : 0;}.fusion-builder-column-0 > .fusion-column-wrapper {margin-right : 1.92%;margin-left : 1.92%;}}@media only screen and (max-width:640px) {.fusion-body .fusion-builder-column-0{width:100% !important;order : 0;}.fusion-builder-column-0 > .fusion-column-wrapper {margin-right : 1.92%;margin-left : 1.92%;}}<\/style><\/div><div class=\"fusion-layout-column fusion_builder_column fusion-builder-column-1 fusion_builder_column_2_3 2_3 fusion-flex-column\"><div class=\"fusion-column-wrapper fusion-flex-justify-content-flex-start fusion-content-layout-column\" style=\"background-position:left top;background-repeat:no-repeat;-webkit-background-size:cover;-moz-background-size:cover;-o-background-size:cover;background-size:cover;padding: 0px 0px 0px 0px;\"><\/div><style type=\"text\/css\">.fusion-body .fusion-builder-column-1{width:66.666666666667% !important;margin-top : 0px;margin-bottom : 20px;}.fusion-builder-column-1 > .fusion-column-wrapper {padding-top : 0px !important;padding-right : 0px !important;margin-right : 2.88%;padding-bottom : 0px !important;padding-left : 0px !important;margin-left : 3.84%;}@media only screen and (max-width:800px) {.fusion-body .fusion-builder-column-1{width:100% !important;order : 0;}.fusion-builder-column-1 > .fusion-column-wrapper {margin-right : 1.92%;margin-left : 1.92%;}}@media only screen and (max-width:640px) {.fusion-body .fusion-builder-column-1{width:100% !important;order : 0;}.fusion-builder-column-1 > .fusion-column-wrapper {margin-right : 1.92%;margin-left : 1.92%;}}<\/style><\/div><div class=\"fusion-layout-column fusion_builder_column fusion-builder-column-2 fusion_builder_column_1_2 1_2 fusion-flex-column\"><div class=\"fusion-column-wrapper fusion-flex-justify-content-flex-start fusion-content-layout-column\" style=\"background-position:left top;background-repeat:no-repeat;-webkit-background-size:cover;-moz-background-size:cover;-o-background-size:cover;background-size:cover;padding: 0px 0px 0px 0px;\"><div class=\"fusion-text fusion-text-1\" style=\"font-size:15px;color:rgba(0,0,0,0.74);font-family:&quot;LABTOP WIDE&quot;;font-weight:400;\"><p><strong>Metho Architectes<\/strong>,\u00a0 \u00a0102 Route de Rennes, 44300 Nantes &#8211; 09 81 64 75 47<\/p>\n<\/div><style>.fusion-form-form-wrapper .fusion-form-742 .fusion-form-tooltip .fusion-form-tooltip-content{color:rgba(0,0,0,0.74) !important;background-color:#333333 !important;border-color:#333333 !important;}.fusion-form-form-wrapper .fusion-form-742 input[type=\"date\"],.fusion-form-form-wrapper .fusion-form-742 input[type=\"datetime-local\"],.fusion-form-form-wrapper .fusion-form-742 input[type=\"email\"],.fusion-form-form-wrapper .fusion-form-742 input[type=\"month\"],.fusion-form-form-wrapper .fusion-form-742 input[type=\"number\"],.fusion-form-form-wrapper .fusion-form-742 input[type=\"password\"],.fusion-form-form-wrapper .fusion-form-742 input[type=\"search\"],.fusion-form-form-wrapper .fusion-form-742 input[type=\"tel\"],.fusion-form-form-wrapper .fusion-form-742 input[type=\"phone-number\"],.fusion-form-form-wrapper .fusion-form-742 input[type=\"text\"],.fusion-form-form-wrapper .fusion-form-742 input[type=\"time\"],.fusion-form-form-wrapper .fusion-form-742 input[type=\"url\"],.fusion-form-form-wrapper .fusion-form-742 input[type=\"week\"],.fusion-form-form-wrapper .fusion-form-742 input[type=\"datetime\"],.fusion-form-form-wrapper .fusion-form-742 select,.fusion-form-form-wrapper .fusion-form-742 textarea,.fusion-form-form-wrapper .fusion-form-742 input[type=\"upload\"],.fusion-form-form-wrapper .fusion-form-742 .fusion-form-field .fusion-form-image-select label{border-top-width:1px;border-bottom-width:1px;border-right-width:1px;border-left-width:1px;border-color:rgba(0,0,0,0.74);}.fusion-form-form-wrapper .fusion-form-742 .fusion-select-wrapper .select-arrow{right:calc( 1em + 1px) !important;}.fusion-form-form-wrapper .fusion-form-742 .fusion-form-field .fusion-form-input-with-icon > i{left:calc( 1em + 1px) !important;}.fusion-form-form-wrapper .fusion-form-742 .fusion-form-field:not( .fusion-form-upload-field ) .fusion-form-input-with-icon > i{top:calc( 50% + (1px - 1px ) \/ 2 ) !important;}.fusion-form-form-wrapper .fusion-form-742 .fusion-form-field.fusion-form-textarea-field .fusion-form-input-with-icon > i{top:calc( 1px + 1em ) !important;}.fusion-form-form-wrapper .fusion-form-742 .fusion-form-field input[type=range]::-webkit-slider-runnable-track{background:rgba(0,0,0,0.74);}.fusion-form-form-wrapper .fusion-form-742 .fusion-form-field input[type=range]::-moz-range-track{background:rgba(0,0,0,0.74);}.fusion-form-form-wrapper .fusion-form-742 .fusion-form-field .fusion-form-checkbox label:before,.fusion-form-form-wrapper .fusion-form-742 .fusion-form-field .fusion-form-radio label:before,.fusion-form-form-wrapper .fusion-form-742 input:not([type=\"submit\"]):focus,.fusion-form-form-wrapper .fusion-form-742 select:focus,.fusion-form-form-wrapper .fusion-form-742 textarea:focus,.fusion-form-form-wrapper .fusion-form-742 .fusion-form-field.focused.fusion-form-upload-field .fusion-form-upload-field,.fusion-form-form-wrapper .fusion-form-742 .fusion-form-field .fusion-form-radio input:checked + label:before,.fusion-form-form-wrapper .fusion-form-742 .fusion-form-field .fusion-form-radio input:hover + label:before,.fusion-form-form-wrapper .fusion-form-742 .fusion-form-field .fusion-form-checkbox input:checked + label:before,.fusion-form-form-wrapper .fusion-form-742 .fusion-form-field .fusion-form-checkbox input:hover + label:before,.fusion-form-form-wrapper .fusion-form-742 .fusion-form-field .fusion-form-image-select .fusion-form-input:checked + label,.fusion-form-form-wrapper .fusion-form-742 .fusion-form-field .fusion-form-image-select .fusion-form-input:hover + label,.fusion-form-form-wrapper .fusion-form-742 .fusion-form-field .fusion-form-checkbox input:focus + label:before,.fusion-form-form-wrapper .fusion-form-742 .fusion-form-field .fusion-form-radio input:focus + label:before,.fusion-form-form-wrapper .fusion-form-742 .fusion-form-field .fusion-form-image-select .fusion-form-input:focus + label{border-color:rgba(0,0,0,0.74);}.fusion-form-form-wrapper .fusion-form-742 .fusion-form-field .fusion-form-radio input:hover:not(:checked) + label:before,.fusion-form-form-wrapper .fusion-form-742 .fusion-form-field .fusion-form-checkbox input:hover:not(:checked) + label:before,.fusion-form-form-wrapper .fusion-form-742 .fusion-form-field .fusion-form-image-select .fusion-form-input:hover:not(:checked) + label,.fusion-form-form-wrapper .fusion-form-742 .fusion-form-field .fusion-form-upload-field-container:hover .fusion-form-upload-field,.fusion-form-form-wrapper .fusion-form-742 .fusion-form-field .fusion-form-range-field-container .fusion-form-range-value:hover:not(:focus),.fusion-form-form-wrapper .fusion-form-742 .fusion-form-field .fusion-form-input:hover:not(:focus){border-color:rgba(0,0,0,0.5);}.fusion-form-form-wrapper .fusion-form-742 label, .fusion-form-form-wrapper .fusion-form-742 .label,.fusion-form-form-wrapper .fusion-form-742 .fusion-form-field .fusion-form-rating-area .fusion-form-rating-icon,.fusion-form-form-wrapper .fusion-form-742 .fusion-form-field .fusion-form-rating-area .fusion-form-input:checked ~ label i{color:rgba(0,0,0,0.74);}.fusion-form-form-wrapper .fusion-form-742 .fusion-form-field .fusion-form-rating-area .fusion-form-input:checked:hover ~ label i,.fusion-form-form-wrapper .fusion-form-742 .fusion-form-field .fusion-form-rating-area .fusion-form-rating-icon:hover i,.fusion-form-form-wrapper .fusion-form-742 .fusion-form-field .fusion-form-rating-area .fusion-form-rating-icon:hover ~ label i,.fusion-form-form-wrapper .fusion-form-742 .fusion-form-field .fusion-form-rating-area .fusion-form-input:hover ~ label i{color:rgba(0,0,0,0.5);}.fusion-form-form-wrapper .fusion-form-742 .fusion-form-field .fusion-form-checkbox input:checked + label:after{background:rgba(0,0,0,0.74);}.fusion-form-form-wrapper .fusion-form-742 .fusion-form-field .fusion-form-radio input:checked + label:after{background:rgba(0,0,0,0.74);}.fusion-form-form-wrapper .fusion-form-742 .fusion-form-field input[type=range]::-webkit-slider-thumb{background:rgba(0,0,0,0.74);}.fusion-form-form-wrapper .fusion-form-742 .fusion-form-field input[type=range]::-moz-range-thumb{background:rgba(0,0,0,0.74);}<\/style><div class=\"fusion-form fusion-form-builder fusion-form-form-wrapper fusion-form-742\" data-form-id=\"742\" data-config=\"{&quot;form_id&quot;:&quot;742&quot;,&quot;form_post_id&quot;:&quot;742&quot;,&quot;post_id&quot;:770,&quot;form_type&quot;:&quot;database_email&quot;,&quot;confirmation_type&quot;:&quot;message&quot;,&quot;redirect_url&quot;:&quot;&quot;,&quot;field_labels&quot;:{&quot;NAME&quot;:&quot;Nom&quot;,&quot;email_address&quot;:&quot;E-mail&quot;,&quot;message&quot;:&quot;Votre message&quot;,&quot;consentement_&quot;:&quot;&quot;},&quot;field_logics&quot;:{&quot;NAME&quot;:&quot;&quot;,&quot;email_address&quot;:&quot;&quot;,&quot;message&quot;:&quot;&quot;,&quot;consentement_&quot;:&quot;&quot;}}\"><form action=\"https:\/\/metho.fr\/index.php\/contact\/\" method=\"post\" class=\"fusion-form fusion-form-742\"><div class=\"fusion-fullwidth fullwidth-box fusion-builder-row-1-1 fusion-flex-container nonhundred-percent-fullwidth non-hundred-percent-height-scrolling\" style=\"background-color: #ffffff;background-position: center center;background-repeat: no-repeat;border-width: 0px 0px 0px 0px;border-color:#eae9e9;border-style:solid;\" ><div class=\"fusion-builder-row fusion-row fusion-flex-align-items-flex-start\" style=\"width:104% !important;max-width:104% !important;margin-left: calc(-4% \/ 2 );margin-right: calc(-4% \/ 2 );\"><div class=\"fusion-layout-column fusion_builder_column fusion-builder-column-3 fusion_builder_column_1_1 1_1 fusion-flex-column\"><div class=\"fusion-column-wrapper fusion-flex-justify-content-flex-start fusion-content-layout-column\" style=\"background-position:left top;background-repeat:no-repeat;-webkit-background-size:cover;-moz-background-size:cover;-o-background-size:cover;background-size:cover;padding: 0px 0px 0px 0px;\"><div class=\"fusion-form-field fusion-form-text-field fusion-form-label-above\" data-form-id=\"742\"><div class=\"fusion-form-label-wrapper\"><label for=\"NAME\">Nom <abbr class=\"fusion-form-element-required\" title=\"required\">*<\/abbr><\/label><\/div><input type=\"text\" name=\"NAME\" id=\"NAME\" value=\"\"  class=\"fusion-form-input\" required=\"true\" aria-required=\"true\" data-holds-private-data=\"false\" minlength=\"0\"\/><\/div><div class=\"fusion-form-field fusion-form-email-field fusion-form-label-above\" data-form-id=\"742\"><div class=\"fusion-form-label-wrapper\"><label for=\"email_address\">E-mail <abbr class=\"fusion-form-element-required\" title=\"required\">*<\/abbr><\/label><\/div><input type=\"email\" name=\"email_address\" id=\"email_address\" value=\"\"  class=\"fusion-form-input\" required=\"true\" aria-required=\"true\" data-holds-private-data=\"false\"\/><\/div><\/div><style type=\"text\/css\">.fusion-body .fusion-builder-column-3{width:100% !important;margin-top : 0px;margin-bottom : 0px;}.fusion-builder-column-3 > .fusion-column-wrapper {padding-top : 0px !important;padding-right : 0px !important;margin-right : 1.92%;padding-bottom : 0px !important;padding-left : 0px !important;margin-left : 1.92%;}@media only screen and (max-width:800px) {.fusion-body .fusion-builder-column-3{width:100% !important;order : 0;}.fusion-builder-column-3 > .fusion-column-wrapper {margin-right : 1.92%;margin-left : 1.92%;}}@media only screen and (max-width:640px) {.fusion-body .fusion-builder-column-3{width:100% !important;order : 0;}.fusion-builder-column-3 > .fusion-column-wrapper {margin-right : 1.92%;margin-left : 1.92%;}}<\/style><\/div><div class=\"fusion-layout-column fusion_builder_column fusion-builder-column-4 fusion_builder_column_1_1 1_1 fusion-flex-column\"><div class=\"fusion-column-wrapper fusion-flex-justify-content-flex-start fusion-content-layout-column\" style=\"background-position:left top;background-repeat:no-repeat;-webkit-background-size:cover;-moz-background-size:cover;-o-background-size:cover;background-size:cover;padding: 0px 0px 0px 0px;\"><div class=\"fusion-form-field fusion-form-textarea-field fusion-form-label-above\" data-form-id=\"742\"><label for=\"message\">Votre message <abbr class=\"fusion-form-element-required\" title=\"required\">*<\/abbr><\/label><textarea cols=\"40\"  minlength=\"0\"  rows=\"4\" tabindex=\"\" id=\"message\" name=\"message\" class=\"fusion-form-input\" required=\"true\" aria-required=\"true\" data-holds-private-data=\"false\"><\/textarea><\/div><div class=\"form-submission-notices\" id=\"fusion-notices-1\"><div class=\"fusion-alert alert success alert-success fusion-alert-center fusion-form-response fusion-form-response-success fusion-alert-capitalize alert-dismissable\" style=\"background-color:#dff0d8;color:rgba(92,163,64,1);border-color:rgba(92,163,64,1);border-width:1px;\"><button type=\"button\" class=\"close toggle-alert\" data-dismiss=\"alert\" aria-label=\"Close\">&times;<\/button><div class=\"fusion-alert-content-wrapper\"><span class=\"alert-icon\"><i class=\"fa-lg fa fa-check-circle\" aria-hidden=\"true\"><\/i><\/span><span class=\"fusion-alert-content\">Merci pour votre message. Il a bien \u00e9t\u00e9 envoy\u00e9.<\/span><\/div><\/div><div class=\"fusion-alert alert error alert-danger fusion-alert-center fusion-form-response fusion-form-response-error fusion-alert-capitalize alert-dismissable\" style=\"background-color:#f2dede;color:rgba(166,66,66,1);border-color:rgba(166,66,66,1);border-width:1px;\"><button type=\"button\" class=\"close toggle-alert\" data-dismiss=\"alert\" aria-label=\"Close\">&times;<\/button><div class=\"fusion-alert-content-wrapper\"><span class=\"alert-icon\"><i class=\"fa-lg fa fa-exclamation-triangle\" aria-hidden=\"true\"><\/i><\/span><span class=\"fusion-alert-content\">Il y a une erreur dans l'envoi de votre message.\nR\u00e9essayez plus tard merci.<\/span><\/div><\/div><\/div><div class=\"fusion-form-field fusion-form-checkbox-field fusion-form-label-above\" data-form-id=\"742\"><fieldset><div class=\"fusion-form-checkbox\"><input tabindex=\"\" id=\"checkbox-consentement_-1-0\" type=\"checkbox\" value=\"J\u2019autorise ce site \u00e0 conserver mes donn\u00e9es transmises via ce formulaire. Aucune exploitation commerciale ne sera faite des donn\u00e9es conserv\u00e9es.\" name=\"consentement_[]\" class=\"fusion-form-input\" required=\"true\" aria-required=\"true\" data-holds-private-data=\"false\"\/><label for=\"checkbox-consentement_-1-0\">J\u2019autorise ce site \u00e0 conserver mes donn\u00e9es transmises via ce formulaire. Aucune exploitation commerciale ne sera faite des donn\u00e9es conserv\u00e9es.<\/label><\/div><\/fieldset><\/div><div class=\"fusion-form-field fusion-form-submit-field fusion-form-label-above\" data-form-id=\"742\"><input type=\"hidden\" value=\"contact@metho.fr\" name=\"fusion_form_email\" \/><input type=\"hidden\" value=\"Site METHO\" name=\"fusion_form_email_from\" \/><input type=\"hidden\" value=\"wordpress@metho.fr\" name=\"fusion_form_email_from_id\" \/><input type=\"hidden\" value=\"From site - Demande informations\" name=\"fusion_form_email_subject\" \/><input type=\"hidden\" value=\"0\" name=\"fusion_form_email_subject_encode\" \/><div style=\"text-align:center;\"><style>.fusion-button.button-1 .fusion-button-text,.fusion-button.button-1 i{color:rgba(0,0,0,0.74);}.fusion-button.button-1{border-color:rgba(0,0,0,0.74);border-radius:0px 0px 0px 0px;background:rgba(255,255,255,0);}.fusion-button.button-1:hover .fusion-button-text,.fusion-button.button-1:hover i,.fusion-button.button-1:focus .fusion-button-text,.fusion-button.button-1:focus i,.fusion-button.button-1:active .fusion-button-text,.fusion-button.button-1:active i{color:#000000;}.fusion-button.button-1:hover,.fusion-button.button-1:active,.fusion-button.button-1:focus{border-color:#000000;background:rgba(255,255,255,.035);}<\/style><button type=\"submit\" class=\"fusion-button button-flat fusion-button-default-size button-custom button-1 fusion-button-default-span  form-form-submit button-default\" data-form-number=\"742\" tabindex=\"\"><span class=\"fusion-button-text\">ENVOYER<\/span><\/button><\/div><\/div><\/div><style type=\"text\/css\">.fusion-body .fusion-builder-column-4{width:100% !important;margin-top : 0px;margin-bottom : 0px;}.fusion-builder-column-4 > .fusion-column-wrapper {padding-top : 0px !important;padding-right : 0px !important;margin-right : 1.92%;padding-bottom : 0px !important;padding-left : 0px !important;margin-left : 1.92%;}@media only screen and (max-width:800px) {.fusion-body .fusion-builder-column-4{width:100% !important;order : 0;}.fusion-builder-column-4 > .fusion-column-wrapper {margin-right : 1.92%;margin-left : 1.92%;}}@media only screen and (max-width:640px) {.fusion-body .fusion-builder-column-4{width:100% !important;order : 0;}.fusion-builder-column-4 > .fusion-column-wrapper {margin-right : 1.92%;margin-left : 1.92%;}}<\/style><\/div><\/div><style type=\"text\/css\">.fusion-body .fusion-flex-container.fusion-builder-row-1-1{ padding-top : 0px;margin-top : 0px;padding-right : 0px;padding-bottom : 0px;margin-bottom : 0px;padding-left : 0px;}<\/style><\/div><input type=\"hidden\" name=\"fusion_privacy_store_ip_ua\" value=\"true\"><input type=\"hidden\" name=\"fusion_privacy_expiration_interval\" value=\"6\"><input type=\"hidden\" name=\"privacy_expiration_action\" value=\"anonymize\"><\/form><\/div><\/div><style type=\"text\/css\">.fusion-body .fusion-builder-column-2{width:50% !important;margin-top : 0px;margin-bottom : 20px;}.fusion-builder-column-2 > .fusion-column-wrapper {padding-top : 0px !important;padding-right : 0px !important;margin-right : 3.84%;padding-bottom : 0px !important;padding-left : 0px !important;margin-left : 3.84%;}@media only screen and (max-width:800px) {.fusion-body .fusion-builder-column-2{width:100% !important;}.fusion-builder-column-2 > .fusion-column-wrapper {margin-right : 1.92%;margin-left : 1.92%;}}@media only screen and (max-width:640px) {.fusion-body .fusion-builder-column-2{width:100% !important;}.fusion-builder-column-2 > .fusion-column-wrapper {margin-right : 1.92%;margin-left : 1.92%;}}<\/style><\/div><div class=\"fusion-layout-column fusion_builder_column fusion-builder-column-5 fusion_builder_column_1_2 1_2 fusion-flex-column\"><div class=\"fusion-column-wrapper fusion-flex-justify-content-flex-start fusion-content-layout-column\" style=\"background-position:left top;background-repeat:no-repeat;-webkit-background-size:cover;-moz-background-size:cover;-o-background-size:cover;background-size:cover;padding: 0px 0px 0px 0px;\"><div ><span class=\" fusion-imageframe imageframe-none imageframe-1 hover-type-none\"><img width=\"535\" height=\"670\" title=\"image 2\" src=\"https:\/\/metho.fr\/wp-content\/uploads\/2021\/09\/image-2.png\" data-orig-src=\"https:\/\/metho.fr\/wp-content\/uploads\/2021\/09\/image-2.png\" alt class=\"lazyload img-responsive wp-image-1197\" srcset=\"data:image\/svg+xml,%3Csvg%20xmlns%3D%27http%3A%2F%2Fwww.w3.org%2F2000%2Fsvg%27%20width%3D%27535%27%20height%3D%27670%27%20viewBox%3D%270%200%20535%20670%27%3E%3Crect%20width%3D%27535%27%20height%3D%27670%27%20fill-opacity%3D%220%22%2F%3E%3C%2Fsvg%3E\" data-srcset=\"https:\/\/metho.fr\/wp-content\/uploads\/2021\/09\/image-2-200x250.png 200w, https:\/\/metho.fr\/wp-content\/uploads\/2021\/09\/image-2-400x501.png 400w, https:\/\/metho.fr\/wp-content\/uploads\/2021\/09\/image-2.png 535w\" data-sizes=\"auto\" data-orig-sizes=\"(max-width: 800px) 100vw, (max-width: 640px) 100vw, 535px\" \/><\/span><\/div><\/div><style type=\"text\/css\">.fusion-body .fusion-builder-column-5{width:50% !important;margin-top : 0px;margin-bottom : 20px;}.fusion-builder-column-5 > .fusion-column-wrapper {padding-top : 0px !important;padding-right : 0px !important;margin-right : 3.84%;padding-bottom : 0px !important;padding-left : 0px !important;margin-left : 3.84%;}@media only screen and (max-width:800px) {.fusion-body .fusion-builder-column-5{width:100% !important;}.fusion-builder-column-5 > .fusion-column-wrapper {margin-right : 1.92%;margin-left : 1.92%;}}@media only screen and (max-width:640px) {.fusion-body .fusion-builder-column-5{width:100% !important;}.fusion-builder-column-5 > .fusion-column-wrapper {margin-right : 1.92%;margin-left : 1.92%;}}<\/style><\/div><div class=\"fusion-layout-column fusion_builder_column fusion-builder-column-6 fusion_builder_column_1_1 1_1 fusion-flex-column\"><div class=\"fusion-column-wrapper fusion-flex-justify-content-flex-start fusion-content-layout-column\" style=\"background-position:left top;background-repeat:no-repeat;-webkit-background-size:cover;-moz-background-size:cover;-o-background-size:cover;background-size:cover;padding: 0px 0px 0px 0px;\"><\/div><style type=\"text\/css\">.fusion-body .fusion-builder-column-6{width:100% !important;margin-top : 0px;margin-bottom : 20px;}.fusion-builder-column-6 > .fusion-column-wrapper {padding-top : 0px !important;padding-right : 0px !important;margin-right : 1.92%;padding-bottom : 0px !important;padding-left : 0px !important;margin-left : 1.92%;}@media only screen and (max-width:800px) {.fusion-body .fusion-builder-column-6{width:100% !important;order : 0;}.fusion-builder-column-6 > .fusion-column-wrapper {margin-right : 1.92%;margin-left : 1.92%;}}@media only screen and (max-width:640px) {.fusion-body .fusion-builder-column-6{width:100% !important;order : 0;}.fusion-builder-column-6 > .fusion-column-wrapper {margin-right : 1.92%;margin-left : 1.92%;}}<\/style><\/div><\/div><style type=\"text\/css\">.fusion-body .fusion-flex-container.fusion-builder-row-1{ padding-top : 100px;margin-top : 0px;padding-right : 0px;padding-bottom : 105px;margin-bottom : 0px;padding-left : 0px;}<\/style><\/div>\n","protected":false},"excerpt":{"rendered":"","protected":false},"author":1,"featured_media":0,"parent":0,"menu_order":0,"comment_status":"closed","ping_status":"open","template":"100-width.php","meta":[],"_links":{"self":[{"href":"https:\/\/metho.fr\/index.php\/wp-json\/wp\/v2\/pages\/770"}],"collection":[{"href":"https:\/\/metho.fr\/index.php\/wp-json\/wp\/v2\/pages"}],"about":[{"href":"https:\/\/metho.fr\/index.php\/wp-json\/wp\/v2\/types\/page"}],"author":[{"embeddable":true,"href":"https:\/\/metho.fr\/index.php\/wp-json\/wp\/v2\/users\/1"}],"replies":[{"embeddable":true,"href":"https:\/\/metho.fr\/index.php\/wp-json\/wp\/v2\/comments?post=770"}],"version-history":[{"count":7,"href":"https:\/\/metho.fr\/index.php\/wp-json\/wp\/v2\/pages\/770\/revisions"}],"predecessor-version":[{"id":1580,"href":"https:\/\/metho.fr\/index.php\/wp-json\/wp\/v2\/pages\/770\/revisions\/1580"}],"wp:attachment":[{"href":"https:\/\/metho.fr\/index.php\/wp-json\/wp\/v2\/media?parent=770"}],"curies":[{"name":"wp","href":"https:\/\/api.w.org\/{rel}","templated":true}]}}